049 and 48716?
641
What is the greatest common factor of 39 and 365445379?
13
What is the greatest common factor of 3263887 and 451?
451
What is the highest common factor of 1261194 and 21?
3
Calculate the greatest common divisor of 2735 and 461495695.
2735
What is the highest common factor of 856 and 86992498?
214
Calculate the highest common factor of 2096 and 58589488.
2096
What is the highest common divisor of 339905100 and 1500?
300
Calculate the highest common factor of 7565488 and 166904.
248
What is the greatest common factor of 2482367 and 7659?
851
Calculate the highest common divisor of 1290 and 8572566.
258
What is the greatest common divisor of 5789694 and 12762?
4254
Calculate the greatest common factor of 436480 and 85209080.
13640
Calculate the greatest common factor of 1742995 and 705.
235
What is the greatest common divisor of 97152390 and 45?
45
Calculate the highest common factor of 12619648 and 266.
38
What is the greatest common divisor of 1803289184 and 32?
32
Calculate the greatest common factor of 72179260 and 464.
116
Calculate the greatest common factor of 204 and 1151016.
12
What is the greatest common divisor of 70 and 13207495?
35
What is the greatest common factor of 526120439 and 13?
13
What is the highest common factor of 946185599 and 4058?
2029
What is the highest common factor of 2555 and 157194915?
365
What is the greatest common divisor of 467634805 and 3559?
3559
What is the greatest common factor of 181672 and 17464?
8
What is the greatest common divisor of 277223525 and 27201?
9067
Calculate the highest common divisor of 270122 and 138154.
2062
Calculate the highest common factor of 5005684 and 850.
34
Calculate the greatest common factor of 15 and 509802.
3
Calculate the greatest common divisor of 11611710 and 11100.
1110
What is the greatest common factor of 3700132 and 16?
4
Calculate the highest common factor of 8701 and 385847.
77
What is the highest common factor of 128 and 9207784?
8
What is the greatest common factor of 203365 and 211375?
445
Calculate the greatest common factor of 313 and 6525737.
313
Calculate the greatest common divisor of 57835808 and 52704.
1952
What is the highest common factor of 125133392 and 115856?
8912
What is the highest common divisor of 1808 and 2016598?
226
Calculate the highest common factor of 1312 and 1083104.
32
What is the greatest common factor of 481514 and 989?
43
What is the highest common factor of 159 and 441380661?
159
Calculate the highest common divisor of 654 and 16707.
3
What is the greatest common factor of 323025 and 14196675?
5475
Calculate the greatest common factor of 165774832 and 32.
16
Calculate the greatest common divisor of 26360 and 298482188.
2636
Calculate the greatest common divisor of 6608646 and 110.
22
What is the highest common divisor of 336078855 and 710?
355
What is the greatest common factor of 317619367 and 1049?
1049
What is the highest common divisor of 3480614 and 9808?
1226
Calculate the highest common factor of 22 and 34171907.
11
Calculate the highest common divisor of 61750040 and 370.
370
Calculate the greatest common divisor of 1585 and 152743597.
317
What is the highest common factor of 7939 and 152297573?
467
Calculate the greatest common factor of 2124 and 8199.
9
What is the greatest common divisor of 67575 and 440907?
159
Calculate the greatest common divisor of 2296000 and 4600.
200
What is the highest common divisor of 117705050 and 2650?
2650
Calculate the highest common divisor of 344521252 and 12070.
2414
Calculate the greatest common factor of 143 and 2231060.
13
Calculate the greatest common factor of 264 and 39745387.
11
What is the greatest common divisor of 462844 and 383552?
1844
What is the greatest common divisor of 44353 and 13107616?
2609
What is the greatest common factor of 1334 and 6786406?
58
What is the greatest common factor of 10110052 and 8?
4
Calculate the greatest common factor of 719724 and 3108.
444
What is the highest common divisor of 530 and 699840?
10
Calculate the highest common divisor of 828588 and 8700.
348
What is the highest common divisor of 254240 and 12632480?
1120
What is the highest common factor of 18559369 and 9841?
757
Calculate the highest common divisor of 19672 and 7336.
8
Calculate the greatest common divisor of 29930 and 263630.
410
What is the greatest common factor of 158371551 and 1404?
351
Calculate the highest common divisor of 555 and 174110604.
111
Calculate the greatest common factor of 18 and 67029273.
9
What is the highest common divisor of 32107528 and 44?
4
What is the highest common factor of 5321 and 506255903?
5321
What is the highest common factor of 653444 and 2420?
44
Calculate the highest common divisor of 47012 and 206736.
292
Calculate the greatest common divisor of 2244 and 923967.
561
What is the highest common divisor of 812 and 22963563?
203
Calculate the highest common divisor of 22149 and 1311713.
2461
What is the greatest common divisor of 259 and 49618443?
259
What is the greatest common factor of 100634335 and 2485?
355
What is the greatest common divisor of 23229 and 88893?
9
What is the greatest common factor of 39780 and 24270?
30
Calculate the greatest common divisor of 260 and 76250.
10
What is the highest common divisor of 81 and 795549033?
81
What is the greatest common divisor of 277441 and 5875?
47
What is the greatest common factor of 90181 and 450541?
91
What is the highest common divisor of 830 and 2494480?
10
What is the greatest common divisor of 23607 and 4224492?
387
Calculate the highest common factor of 34941085 and 129137.
2117
What is the highest common factor of 830 and 30010?
10
Calculate the highest common factor of 56 and 43322312.
8
Calculate the greatest common factor of 57283760 and 173.
173
Calculate the highest common factor of 8976080 and 435.
145
Calculate the highest common divisor of 225747 and 2340090.
243
Calculate the greatest common divisor of 3246 and 111504428.
1082
Calculate the greatest common divisor of 5881310 and 430.
10
What is the greatest common factor of 19872 and 686502?
54
Calculate the highest common factor of 45 and 36448533.
9
Calculate the highest common factor of 107764766 and 334.
334
What is the greatest common divisor of 689688 and 4836?
372
Calculate the highest common divisor of 623 and 71927842.
623
Calculate the greatest common divisor of 4144668 and 20196.
2244
What is the highest common divisor of 5437908 and 546?
42
What is the highest common factor of 1515345 and 52611?
741
What is the highest common divisor of 234952 and 21173?
683
What is the highest common factor of 47916 and 411741?
99
Calculate the greatest common factor of 1537368 and 2520.
168
Calculate the greatest common factor of 330 and 3619902.
66
What is the greatest common factor of 30 and 3194150?
10
What is the highest common divisor of 12 and 129344310?
6
What is the highest common divisor of 32516 and 20108?
44
Calculate the highest common divisor of 7350 and 1382262.
42
What is the highest common divisor of 759111 and 54273?
237
Calculate the highest common divisor of 88331440 and 2631.
877
Calculate the highest common divisor of 1562551 and 11316.
943
What is the highest common factor of 62728 and 207288?
8
Calculate the highest common divisor of 176143 and 1979637.
2629
Calculate the greatest common factor of 2368 and 1086752.
32
What is the highest common factor of 330 and 123111285?
165
Calculate the greatest common divisor of 155989 and 80523.
389
Calculate the greatest common factor of 1419 and 3150223.
43
Calculate the greatest common factor of 21284 and 794954.
34
What is the greatest common divisor of 327103 and 23681469?
3941
Calculate the greatest common factor of 90 and 119034945.
45
What is the greatest common divisor of 4416327 and 35577?
531
Calculate the highest common factor of 42196350 and 150.
150
What is the greatest common divisor of 29820 and 870?
30
What is the greatest common divisor of 48711 and 23491?
13
What is the greatest common divisor of 88822704 and 28408?
536
Calculate the highest common factor of 281314 and 82918.
22
Calculate the greatest common divisor of 539 and 2802359.
49
Calculate the greatest common factor of 170717715 and 63945.
2205
What is the highest 